{"id":1019,"date":"2026-03-20T15:03:22","date_gmt":"2026-03-20T15:03:22","guid":{"rendered":"https:\/\/akustikzlatibor.rs\/?page_id=1019"},"modified":"2026-03-20T15:04:25","modified_gmt":"2026-03-20T15:04:25","slug":"politika-refundacije","status":"publish","type":"page","link":"https:\/\/akustikzlatibor.rs\/index.php\/politika-refundacije\/","title":{"rendered":"Politika povra\u0107aja novca i refundacije"},"content":{"rendered":"\n<p><\/p>\n\n\n\n<p class=\"has-medium-font-size\">Zadovoljstvo na\u0161ih gostiju nam je prioritet, te nastojimo da obezbedimo jasne i transparentne uslove u vezi sa otkazivanjem rezervacija i povra\u0107ajem sredstava.<\/p>\n\n\n\n<div style=\"height:50px\" aria-hidden=\"true\" class=\"wp-block-spacer\"><\/div>\n\n\n\n<h2 class=\"wp-block-heading has-large-font-size\"><strong>Povra\u0107aj sredstava<\/strong><br><\/h2>\n\n\n\n<div style=\"height:15px\" aria-hidden=\"true\" class=\"wp-block-spacer\"><\/div>\n\n\n\n<p class=\"has-medium-font-size\">Povra\u0107aj novca mogu\u0107 je u slu\u010daju blagovremenog otkazivanja rezervacije, u skladu sa uslovima definisanim prilikom same rezervacije. U redovnim terminima, otkazivanje rezervacije je besplatno, te gost ima pravo na povra\u0107aj upla\u0107enog iznosa u celosti.<\/p>\n\n\n\n<div style=\"height:50px\" aria-hidden=\"true\" class=\"wp-block-spacer\"><\/div>\n\n\n\n<h2 class=\"wp-block-heading has-large-font-size\"><strong>Izuzeci<\/strong><br><\/h2>\n\n\n\n<div style=\"height:15px\" aria-hidden=\"true\" class=\"wp-block-spacer\"><\/div>\n\n\n\n<p class=\"has-medium-font-size\">Tokom prazni\u010dnih perioda, specijalnih ponuda ili promotivnih rezervacija, mogu va\u017eiti posebni uslovi otkazivanja, pri \u010demu povra\u0107aj sredstava mo\u017ee biti ograni\u010den ili onemogu\u0107en. Gosti se prilikom rezervacije obave\u0161tavaju o ta\u010dnim uslovima koji se primenjuju.<\/p>\n\n\n\n<div style=\"height:50px\" aria-hidden=\"true\" class=\"wp-block-spacer\"><\/div>\n\n\n\n<h2 class=\"wp-block-heading has-large-font-size\"><strong>Na\u010din povra\u0107aja<\/strong><br><\/h2>\n\n\n\n<div style=\"height:15px\" aria-hidden=\"true\" class=\"wp-block-spacer\"><\/div>\n\n\n\n<p class=\"has-medium-font-size\">Povra\u0107aj sredstava vr\u0161i se istim na\u010dinom pla\u0107anja kojim je rezervacija izvr\u0161ena, osim ukoliko nije druga\u010dije dogovoreno. Obrada refundacije mo\u017ee trajati nekoliko radnih dana, u zavisnosti od banke ili platnog sistema.<\/p>\n\n\n\n<div style=\"height:50px\" aria-hidden=\"true\" class=\"wp-block-spacer\"><\/div>\n\n\n\n<h2 class=\"wp-block-heading has-large-font-size\"><strong>Nedolazak (No-show)<\/strong><br><\/h2>\n\n\n\n<div style=\"height:15px\" aria-hidden=\"true\" class=\"wp-block-spacer\"><\/div>\n\n\n\n<p class=\"has-medium-font-size\">U slu\u010daju da gost ne do\u0111e na rezervisani termin, bez prethodnog otkazivanja, objekat zadr\u017eava pravo naplate u skladu sa va\u017ee\u0107im uslovima rezervacije.<\/p>\n\n\n\n<div style=\"height:50px\" aria-hidden=\"true\" class=\"wp-block-spacer\"><\/div>\n\n\n\n<h2 class=\"wp-block-heading has-large-font-size\"><strong>Prekid boravka<\/strong><br><\/h2>\n\n\n\n<div style=\"height:15px\" aria-hidden=\"true\" class=\"wp-block-spacer\"><\/div>\n\n\n\n<p class=\"has-medium-font-size\">U slu\u010daju ranijeg odlaska gosta, povra\u0107aj sredstava se ne vr\u0161i, osim u izuzetnim situacijama i uz prethodni dogovor sa upravom objekta.<\/p>\n\n\n\n<div style=\"height:50px\" aria-hidden=\"true\" class=\"wp-block-spacer\"><\/div>\n\n\n\n<h2 class=\"wp-block-heading has-large-font-size\"><strong>Kontakt<\/strong><br><\/h2>\n\n\n\n<div style=\"height:15px\" aria-hidden=\"true\" class=\"wp-block-spacer\"><\/div>\n\n\n\n<p class=\"has-medium-font-size\">Za sva pitanja u vezi sa otkazivanjem i refundacijom, mo\u017eete nas kontaktirati putem:<br>Email: <strong>zlatibor.akustik.konaciste@gmail.com<\/strong><br>Telefon: <strong>+381 66 519 19 19<\/strong><\/p>\n\n\n\n<p><\/p>\n\n\n\n<p><\/p>\n\n\n\n<p><\/p>\n\n\n\n<p><\/p>\n\n\n\n<p><\/p>\n\n\n\n<p><\/p>\n\n\n\n<p><\/p>\n\n\n\n<p><\/p>\n","protected":false},"excerpt":{"rendered":"<p>Zadovoljstvo na\u0161ih gostiju nam je prioritet, te nastojimo da obezbedimo jasne i transparentne uslove u vezi sa otkazivanjem rezervacija i povra\u0107ajem sredstava. Povra\u0107aj sredstava Povra\u0107aj novca mogu\u0107 je u slu\u010daju blagovremenog otkazivanja rezervacije, u skladu sa uslovima definisanim prilikom same rezervacije. U redovnim terminima, otkazivanje rezervacije je besplatno, te gost ima pravo na povra\u0107aj upla\u0107enog [&hellip;]<\/p>\n","protected":false},"author":1,"featured_media":0,"parent":0,"menu_order":0,"comment_status":"closed","ping_status":"closed","template":"","meta":{"om_disable_all_campaigns":false,"_monsterinsights_skip_tracking":false,"_monsterinsights_sitenote_active":false,"_monsterinsights_sitenote_note":"","_monsterinsights_sitenote_category":0,"footnotes":""},"class_list":["post-1019","page","type-page","status-publish","hentry"],"aioseo_notices":[],"_links":{"self":[{"href":"https:\/\/akustikzlatibor.rs\/index.php\/wp-json\/wp\/v2\/pages\/1019","targetHints":{"allow":["GET"]}}],"collection":[{"href":"https:\/\/akustikzlatibor.rs\/index.php\/wp-json\/wp\/v2\/pages"}],"about":[{"href":"https:\/\/akustikzlatibor.rs\/index.php\/wp-json\/wp\/v2\/types\/page"}],"author":[{"embeddable":true,"href":"https:\/\/akustikzlatibor.rs\/index.php\/wp-json\/wp\/v2\/users\/1"}],"replies":[{"embeddable":true,"href":"https:\/\/akustikzlatibor.rs\/index.php\/wp-json\/wp\/v2\/comments?post=1019"}],"version-history":[{"count":3,"href":"https:\/\/akustikzlatibor.rs\/index.php\/wp-json\/wp\/v2\/pages\/1019\/revisions"}],"predecessor-version":[{"id":1767,"href":"https:\/\/akustikzlatibor.rs\/index.php\/wp-json\/wp\/v2\/pages\/1019\/revisions\/1767"}],"wp:attachment":[{"href":"https:\/\/akustikzlatibor.rs\/index.php\/wp-json\/wp\/v2\/media?parent=1019"}],"curies":[{"name":"wp","href":"https:\/\/api.w.org\/{rel}","templated":true}]}}